03.
30
What is the remainder when 5756 is divided by 137?
2
What is the remainder when 66854 is divided by 8?
6
Calculate the remainder when 1709171 is divided by 74.
67
Calculate the remainder when 1655 is divided by 538.
41
What is the remainder when 1235 is divided by 473?
289
Calculate the remainder when 136864 is divided by 1649.
1646
Calculate the remainder when 10306 is divided by 63.
37
What is the remainder when 79642 is divided by 18?
10
What is the remainder when 532995 is divided by 36?
15
What is the remainder when 22435 is divided by 22374?
61
What is the remainder when 4403 is divided by 15?
8
Calculate the remainder when 59141 is divided by 195.
56
Calculate the remainder when 284450 is divided by 6.
2
Calculate the remainder when 1335 is divided by 1269.
66
Calculate the remainder when 14405 is divided by 382.
271
Calculate the remainder when 3404 is divided by 1167.
1070
Calculate the remainder when 84007 is divided by 2000.
7
Calculate the remainder when 4414 is divided by 14.
4
What is the remainder when 22789 is divided by 357?
298
What is the remainder when 15077 is divided by 489?
407
Calculate the remainder when 132042 is divided by 15.
12
Calculate the remainder when 11776 is divided by 16.
0
Calculate the remainder when 88563 is divided by 87.
84
Calculate the remainder when 1135 is divided by 338.
121
What is the remainder when 294851 is divided by 9828?
11
Calculate the remainder when 143048 is divided by 33.
26
What is the remainder when 20082 is divided by 6630?
192
What is the remainder when 20215 is divided by 6738?
1
What is the remainder when 265229 is divided by 178?
9
Calculate the remainder when 95010 is divided by 47499.
12
Calculate the remainder when 460 is divided by 169.
122
Calculate the remainder when 171694 is divided by 473.
468
What is the remainder when 168656 is divided by 42146?
72
Calculate the remainder when 257709 is divided by 257689.
20
What is the remainder when 719 is divided by 711?
8
Calculate the remainder when 7277 is divided by 16.
13
Calculate the remainder when 11065 is divided by 74.
39
What is the remainder when 131218 is divided by 30?
28
Calculate the remainder when 129800 is divided by 82.
76
What is the remainder when 6318 is divided by 48?
30
What is the remainder when 3200 is divided by 636?
20
Calculate the remainder when 5878 is divided by 17.
13
Calculate the remainder when 58558 is divided by 484.
478
What is the remainder when 70447 is divided by 1851?
109
What is the remainder when 428561 is divided by 84?
77
Calculate the remainder when 639 is divided by 531.
108
Calculate the remainder when 20182 is divided by 5033.
50
Calculate the remainder when 19889 is divided by 205.
4
Calculate the remainder when 22986 is divided by 198.
18
What is the remainder when 9745 is divided by 171?
169
What is the remainder when 27532 is divided by 340?
332
What is the remainder when 3464 is divided by 937?
653
Calculate the remainder when 230021 is divided by 23.
21
Calculate the remainder when 11408 is divided by 468.
176
What is the remainder when 13847 is divided by 4249?
1100
What is the remainder when 38107 is divided by 118?
111
Calculate the remainder when 3821 is divided by 952.
13
Calculate the remainder when 2044391 is divided by 15.
11
Calculate the remainder when 13577 is divided by 367.
365
What is the remainder when 4137 is divided by 47?
1
Calculate the remainder when 76495 is divided by 19121.
11
Calculate the remainder when 2346 is divided by 85.
51
Calculate the remainder when 348574 is divided by 1806.
16
Calculate the remainder when 264517 is divided by 161.
155
Calculate the remainder when 3043 is divided by 755.
23
Calculate the remainder when 590359 is divided by 295172.
15
Calculate the remainder when 3148 is divided by 457.
406
What is the remainder when 17553 is divided by 17243?
310
Calculate the remainder when 972947 is divided by 2129.
2123
Calculate the remainder when 2549 is divided by 962.
625
Calculate the remainder when 20758 is divided by 10379.
0
Calculate the remainder when 16488 is divided by 6.
0
Calculate the remainder when 2691 is divided by 142.
135
What is the remainder when 2848 is divided by 409?
394
What is the remainder when 658 is divided by 61?
48
What is the remainder when 27714 is divided by 76?
50
Calculate the remainder when 5224 is divided by 520.
24
What is the remainder when 10619 is divided by 60?
59
Calculate the remainder when 3230 is divided by 320.
30
What is the remainder when 6175 is divided by 253?
103
What is the remainder when 972524 is divided by 48?
44
Calculate the remainder when 4851 is divided by 449.
361
Calculate the remainder when 2582 is divided by 692.
506
What is the remainder when 5644 is divided by 99?
1
What is the remainder when 77002 is divided by 397?
381
What is the remainder when 3576 is divided by 949?
729
Calculate the remainder when 92004 is divided by 91936.
68
Calculate the remainder when 284504 is divided by 23.
17
What is the remainder when 5194 is divided by 114?
64
Calculate the remainder when 1182 is divided by 33.
27
What is the remainder when 944 is divided by 880?
64
What is the remainder when 19419 is divided by 117?
114
Calculate the remainder when 86709 is divided by 12.
9
What is the remainder when 371639 is divided by 364?
359
Calculate the remainder when 13502 is divided by 6723.
56
What is the remainder when 8232 is divided by 4104?
24
Calculate the remainder when 157699 is divided by 337.
320
Calculate the remainder when 1277609 is divided by 412.
409
What is the remainder when 2054 is divided by 188?
174
What is the remainder when 5568 is divided by 57?
39
What is the remainder when 7952 is divided by 30?
2
What is the remainder when 502047 is divided by 19?
10
What is the remainder when 185602 is divided by 61830?
112
Calculate the remainder when 13223 is divided by 6264.
695
What is the remainder when 4335 is divided by 195?
45
What is the remainder when 7241 is divided by 142?
141
Calculate the remainder when 5807 is divided by 215.
2
What is the remainder when 3653 is divided by 192?
5
What is the remainder when 2903 is divided by 55?
43
Calculate the remainder when 3544 is divided by 27.
7
Calculate the remainder when 23907 is divided by 7928.
123
What is the remainder when 22767 is divided by 209?
195
Calculate the remainder when 716633 is divided by 207.
206
Calculate the remainder when 91158 is divided by 2.
0
What is the remainder when 13261 is divided by 192?
13
Calculate the remainder when 6288 is divided by 693.
51
Calculate the remainder when 299688 is divided by 42808.
32
Calculate the remainder when 3909 is divided by 2787.
1122
What is the remainder when 118816 is divided by 14?
12
What is the remainder when 9686 is divided by 2421?
2
Calculate the remainder when 12203 is divided by 31.
20
Calculate the remainder when 4029235 is divided by 1343077.
4
What is the remainder when 41944 is divided by 545?
524
What is the remainder when 1871 is divided by 1868?
3
What is the remainder when 155016 is divided by 23?
19
What is the remainder when 12572 is divided by 7?
0
Calculate the remainder when 36367 is divided by 27.
25
Calculate the remainder when 404596 is divided by 134859.
19
What is the remainder when 60249 is divided by 279?
264
Calculate the remainder when 1518261 is divided by 142.
139
Calculate the remainder when 13123 is divided by 934.
47
Calculate the remainder when 19291 is divided by 25.
16
Calculate the remainder when 2937 is divided by 773.
618
What is the remainder when 2583 is divided by 828?
99
Calculate the remainder when 1948 is divided by 808.
332
What is the remainder when 80384 is divided by 149?
73
What is the remainder when 192 is divided by 59?
15
Calculate the remainder when 11882 is divided by 11853.
29
What is the remainder when 22145 is divided by 42?
11
What is the remainder when 539623 is divided by 49056?
7
What is the remainder when 2182 is divided by 88?
70
Calculate the remainder when 8992 is divided by 4488.
16
What is the remainder when 174837 is divided by 791?
26
Calculate the remainder when 20011327 is divided by 32.
31
Calculate the remainder when 2723003 is divided by 38.
37
What is the remainder when 149802 is divi